*w - 12 = 0, -n - 2*n - 4*w = -1. What is the tens digit of 8976/85 + (-2)/n?
0
Let i(z) = 51*z + 39. Let r = 125 - 120. What is the units digit of i(r)?
4
Let y be (-320)/18 + 12/(-54). Let r(c) = -8*c - 48. What is the tens digit of r(y)?
9
Suppose 0 = 3*x - 5 + 8. Let g be ((-333)/(-12)*x)/(4/(-16)). What is the units digit of (2 + -8)/((-6)/g)?
1
Let n = 114348 - 65314. What is the ten thousands digit of n?
4
Suppose 226*c - 4007173 - 7303498 = -3589155. What is the units digit of c?
6
Suppose -f - 4*c = 845, -5*f + 0*f - 4249 = -4*c. Let r be f/(-5) - 2/(-10). Let v = -92 + r. What is the units digit of v?
8
Let g(b) = 25*b**2 + 647*b + 4. What is the tens digit of g(-33)?
7
What is the units digit of (-296)/(-3)*((-9375)/(-50) - 24)?
2
Let c be 26/(-39)*(214 + -1). Let n = c - -227. What is the units digit of -12*(n/(-20) - -2)?
7
Let d = -59 - -48. What is the tens digit of -3 + 0 - 308/d?
2
What is the thousands digit of -20 + 22/(330/580155)?
8
Suppose -4*x + 3*q + 111290 = 0, 139108 = -416*x + 421*x - 3*q. What is the ten thousands digit of x?
2
Let h be 1 - -2 - (-180 + -2). Suppose 4*v - 9*v = -h. Let y = 43 + v. What is the units digit of y?
0
Suppose 4*s - 32 = 2*a, 3*s - 11 = a + 5. Let q = a + 35. What is the tens digit of q?
1
Let j = 1066 - 1016. What is the hundreds digit of 5/(j/35)*(200 - 0)?
7
Let u = -162 + 182. Suppose -3*p + 4*j = -4390, -p + u*j - 17*j + 1465 = 0. What is the units digit of p?
2
Let p(b) = 4*b**3 - 13*b**2 - 13*b - 10. Let d be p(10). Suppose 3*f + 5*c - 393 = 1143, 5*f - 5*c = d. What is the units digit of f?
2
Let i be (-12)/114 + 413/133. Suppose -2*s + 2447 = i*d, -3*s + 3*d - 2*d + 3643 = 0. What is the thousands digit of s?
1
Let h be (0/1)/(-2 - 0). Let z = -1408 - -1411. Suppose h = 3*w - 5*g - 104, w + z*g + 71 = 3*w. What is the units digit of w?
3
Let l(g) be the second derivative of 2*g**3/3 + 53*g**2/2 + 4*g. Suppose 0 = -6*o + 407 - 287. What is the units digit of l(o)?
3
Let w be 5 + 3/1*(-2)/(-3). Suppose -2*b + 1690 = -2*q, 8*b + 2*q = w*b + 842. What is the units digit of b?
4
Let p(k) = -k**3 + k**2 - 3*k + 384. Let t be p(0). Let y = 44 - 16. Suppose t = y*u - 25*u. What is the units digit of u?
8
Let i = -55435 + 80188. What is the hundreds digit of i?
7
Suppose -5*y + 3*p - p = -411, -237 = -3*y - 2*p. Suppose -3*o + u = -129, 2*o - 91*u = -93*u + 94. Let g = y + o. What is the tens digit of g?
2
Let x(b) = -2*b**3 - 6*b**2 + 13*b + 9. Let a be x(-6). Let j = a - -194. What is the tens digit of j?
4
Let v(q) = 265*q + 332. What is the units digit of v(1)?
7
What is the ten thousands digit of (28/(-112))/(2/56) + 52860?
5
Let a = -43 - -47. Suppose -60 = 5*l - 2*b, 4*b - 2*b - 50 = a*l. Let j(h) = 2*h**2 + 18*h + 43. What is the units digit of j(l)?
3
Suppose -31*t + 116 = -39. Suppose -t*c - 495 + 1780 = 0. What is the tens digit of c?
5
Suppose -5*m - 254451 = 6*f - 632127, f = -2*m + 62953. What is the hundreds digit of f?
9
Let g(k) be the third derivative of 15*k**4/4 + 18*k**3 - 141*k**2. What is the units digit of g(8)?
8
Let r be ((-2)/(-5))/((-85)/7650). Let j(f) = -5*f**2 - 182*f + 50. What is the tens digit of j(r)?
2
What is the units digit of 1620*(-7 + (119/28 - -7))?
5
Let o(r) = 372*r**2 - 6*r - 3. What is the units digit of o(-6)?
5
Let u(y) = -62 - 60 + 37*y + 186 - 61. Suppose -5*q - 50 = -4*i - 18, -4*q - 10 = 2*i. What is the units digit of u(i)?
4
Let j be 2/(-7) + 4380/140. Suppose j*a - 27*a = 984. What is the units digit of a?
6
What is the units digit of 8/(-148) + (-462765)/(-111)?
9
Suppose -2*m - 3 = 3*c - 1, 0 = m + 5*c + 15. Suppose m*n + 2620 = -24*v + 26*v, 0 = 4*v - 5*n - 5250. What is the hundreds digit of v?
3
Let o be 6/8 + (-26129)/(-68). Suppose o = -4*q + 2029. What is the tens digit of q?
1
Suppose 5*t - 49095 = -3*k, -3*t - 3*k + 14011 = -15446. What is the tens digit of t?
1
Let s(g) = -10*g**3 + 3*g**2 + g - 21. What is the tens digit of s(-3)?
7
Suppose -2*s - 8 = 3*a + 2*s, -s - 2 = -5*a. What is the hundreds digit of (-2 - (-5 - -7)) + a + 1221?
2
Suppose -5*l + 45 + 770 = 0. Suppose 9*b - 314 = l. Let r = 6 + b. What is the tens digit of r?
5
What is the units digit of 2 - 386316/(-10) - (-2392)/5980?
4
Suppose -2*f + c + 6 = 0, 3*f + 10*c = 12*c + 8. Suppose 3*y + 1232 = f*y. What is the hundreds digit of y?
2
Let i be 45/60 + 74/8. Let g be 8/40 + (-2)/i + 0. Suppose -11*b + 346 + 1029 = g. What is the hundreds digit of b?
1
Suppose -5*s - 27711 + 23938 = -109903. What is the tens digit of s?
2
Suppose -4228 = 3*o - 6*o - 5*u, 2*o - 2822 = -5*u. What is the tens digit of o?
0
Let q be (1/(-2))/(1*12/3552). Let d(o) = o**3 + 4*o**2 + 4*o + 7. Let t be d(5). Let a = q + t. What is the hundreds digit of a?
1
Let l = 1819 - -1315. What is the tens digit of l?
3
Let g(v) = -1898*v + 930. What is the thousands digit of g(-11)?
1
Let o = 15955 + -5241. What is the tens digit of o?
1
What is the thousands digit of (24/((-792)/57431))/((-2)/12)?
0
Suppose 10*b = 6*b + 88. Suppose 1 = -4*y - 3*w + 21, -b = -y - 5*w. Suppose 0 = 2*j + y*v - 176, 3*j + j - 342 = -2*v. What is the units digit of j?
3
What is the units digit of ((-7)/(-70)*-842)/(5/(-275))?
1
Suppose -18*c - 6294 = -12*c. Let d = 1542 + c. What is the hundreds digit of d?
4
What is the tens digit of ((-25534)/5)/(-1) + (222/(-185))/(-6)?
0
Let v(w) = -24*w - 3. Let j be v(-4). Let p = 531 - j. Suppose -p = -4*o - 106. What is the units digit of o?
3
Suppose -5*f = 2*g - 244056, -264729 = -4*f - 2*g - 69481. What is the tens digit of f?
0
Suppose 0 = -3*w - 3*q + 1982 + 2866, 3*w - 5*q - 4856 = 0. Let m = w + -1025. What is the tens digit of m?
9
Let c be (16 - 9) + (-4 - -1)/3. Suppose -c*j + 2738 = 938. What is the tens digit of j?
0
Suppose 3*x = 9*z - 4*z - 247, 2*z - 4*x = 96. Suppose -2*l = -l + z. Let g = l - -137. What is the tens digit of g?
8
Let j be 219160/(-320) - 1/8. Let u = j + 1348. What is the hundreds digit of u?
6
Let a(d) = -115*d - 80. Let y be a(-9). Let w = y - 359. What is the hundreds digit of w?
5
Suppose 3*w - 5*w + g - 5 = 0, -7 = 4*w - 5*g. What is the hundreds digit of (-616)/(w - -2) - 0/6?
6
Let j = 260 + -176. Let l(h) = -85*h**2 + 13*h + 21*h - 6*h + 33 + j*h**2. What is the hundreds digit of l(23)?
1
Let u be 8/(-18) - 672/(-54). Suppose -u*l + 10*l + c + 837 = 0, 3*l = -c + 1248. What is the units digit of l?
7
Let s = -339 + 343. Suppose 4*c + s*u = 3836, 13*c - 2*u = 9*c + 3818. What is the units digit of c?
6
Let r(q) = 46*q - 409. Let y be r(9). Suppose -5*g - 1716 = 4*d - 6792, 5075 = y*g + 5*d. What is the tens digit of g?
1
Let j(c) = 220*c**2 + 2*c + 1. Let z be (9 + -10)/2 + (-2)/4. What is the hundreds digit of j(z)?
2
What is the hundreds digit of ((-4)/6)/(-5 - 1205397/(-241083))?
9
What is the thousands digit of 10*(-38298)/45*-3 - -9?
5
Let m(s) = 7*s**2 - 61*s - 1078. What is the tens digit of m(-40)?
6
Suppose -s = -105*r + 110*r - 39705, -15882 = -2*r + s. What is the thousands digit of r?
7
Let y(w) be the second derivative of 3*w**3 - 7*w**2/2 - 3*w + 12. Let q(d) = 4*d**2 + 1. Let c be q(1). What is the tens digit of y(c)?
8
Suppose 54*r = 61*r - 5474. What is the tens digit of r?
8
Let r(q) = -545*q + 11096. What is the tens digit of r(0)?
9
Let s = -2559 - -23181. What is the tens digit of s?
2
Let c = -15 - 20. Let q be (-3 - c/10)*(3 - -5). Suppose -4*s = 12, -3*y + q*s - 3*s = -66. What is the tens digit of y?
2
Let w(m) = m + 48. Let q be w(11). Let d = q + 67. Suppose -l + 2*o = -d, -3*o + 0*o = -3*l + 369. What is the tens digit of l?
2
Suppose -2*t = -2*k - 6, -1 = 2*k + 4*t + 5. Let o be (4/10)/(k/(-30) - 0). Suppose -o*q = 242 - 754. What is the hundreds digit of q?
1
Let s(t) = 23*t**2 + 53*t - 496. What is the units digit of s(24)?
4
Let a = 11257 - 6963. What is the units digit of a?
4
Let h(f) = f**2 - 15*f + 22. Let z be h(13). Let g be (-2)/(-4) - (-14)/z - 3. What is the tens digit of (-392)/g*(-48)/(-32)?
9
Suppose -d + 2*i + 8 = 0, 2*d + 7 = 4*d - i. Let o be ((-28)/4 + 2)*1 - d. What is the tens digit of 12/o*105/(-10) + 0?
1
Let z(j) = j**3 + 36*j**2 - 105*j - 47. What is the tens digit of z(-32)?
0
What is the thousands digit of (-7 - 3709)*(-8)/4?
7
Let z = -650 - -656. Let r(h) = 5*h**3 + 4*h**